 of 987?
3, 7, 47
List the prime factors of 14275.
5, 571
What are the prime factors of 2139?
3, 23, 31
What are the prime factors of 25?
5
List the prime factors of 982.
2, 491
List the prime factors of 3491.
3491
What are the prime factors of 2136?
2, 3, 89
List the prime factors of 13920.
2, 3, 5, 29
List the prime factors of 514.
2, 257
List the prime factors of 2608.
2, 163
What are the prime factors of 27?
3
List the prime factors of 16718.
2, 13, 643
What are the prime factors of 739?
739
List the prime factors of 891.
3, 11
List the prime factors of 3794.
2, 7, 271
What are the prime factors of 2209?
47
List the prime factors of 29118.
2, 3, 23, 211
What are the prime factors of 2983?
19, 157
List the prime factors of 7448.
2, 7, 19
What are the prime factors of 2883?
3, 31
List the prime factors of 5118.
2, 3, 853
What are the prime factors of 1036?
2, 7, 37
What are the prime factors of 665?
5, 7, 19
What are the prime factors of 16332?
2, 3, 1361
What are the prime factors of 5179?
5179
What are the prime factors of 17639?
31, 569
List the prime factors of 21632.
2, 13
List the prime factors of 873.
3, 97
List the prime factors of 876.
2, 3, 73
List the prime factors of 5613.
3, 1871
What are the prime factors of 10575?
3, 5, 47
What are the prime factors of 10735?
5, 19, 113
List the prime factors of 8651.
41, 211
List the prime factors of 7031.
79, 89
What are the prime factors of 71027?
11, 587
What are the prime factors of 817?
19, 43
List the prime factors of 905.
5, 181
List the prime factors of 17903.
17903
List the prime factors of 2587.
13, 199
What are the prime factors of 1455?
3, 5, 97
What are the prime factors of 98445?
3, 5, 6563
List the prime factors of 843.
3, 281
What are the prime factors of 48636?
2, 3, 7, 193
List the prime factors of 91494.
2, 3, 13, 17, 23
List the prime factors of 32963.
7, 17, 277
List the prime factors of 27440.
2, 5, 7
List the prime factors of 5587.
37, 151
List the prime factors of 4085.
5, 19, 43
What are the prime factors of 560?
2, 5, 7
List the prime factors of 14909.
17, 877
List the prime factors of 350.
2, 5, 7
List the prime factors of 66128.
2, 4133
List the prime factors of 20296.
2, 43, 59
List the prime factors of 95504.
2, 47, 127
List the prime factors of 98771.
43, 2297
What are the prime factors of 13347?
3, 1483
What are the prime factors of 40352?
2, 13, 97
What are the prime factors of 4032?
2, 3, 7
What are the prime factors of 21404?
2, 5351
What are the prime factors of 11764?
2, 17, 173
What are the prime factors of 232?
2, 29
List the prime factors of 2426.
2, 1213
List the prime factors of 2623.
43, 61
List the prime factors of 7789.
7789
List the prime factors of 24748.
2, 23, 269
What are the prime factors of 1339?
13, 103
What are the prime factors of 1218?
2, 3, 7, 29
List the prime factors of 132.
2, 3, 11
What are the prime factors of 1057?
7, 151
What are the prime factors of 1204?
2, 7, 43
List the prime factors of 50739.
3, 13, 1301
List the prime factors of 1246.
2, 7, 89
List the prime factors of 154281.
3, 51427
List the prime factors of 2831.
19, 149
List the prime factors of 2845.
5, 569
List the prime factors of 27536.
2, 1721
What are the prime factors of 38565?
3, 5, 857
List the prime factors of 21341.
21341
What are the prime factors of 2377?
2377
What are the prime factors of 2205?
3, 5, 7
List the prime factors of 6430.
2, 5, 643
List the prime factors of 1989.
3, 13, 17
What are the prime factors of 30554?
2, 15277
List the prime factors of 2710.
2, 5, 271
What are the prime factors of 1018?
2, 509
List the prime factors of 73043.
73043
What are the prime factors of 2908?
2, 727
List the prime factors of 3554.
2, 1777
List the prime factors of 1307.
1307
What are the prime factors of 42407?
42407
What are the prime factors of 36921?
3, 31, 397
List the prime factors of 135299.
19, 7121
What are the prime factors of 1270?
2, 5, 127
List the prime factors of 9989.
7, 1427
List the prime factors of 25940.
2, 5, 1297
List the prime factors of 68389.
68389
List the prime factors of 35250.
2, 3, 5, 47
List the prime factors of 159507.
3, 37, 479
What are the prime factors of 713?
23, 31
What are the prime factors of 13437?
3, 1493
List the prime factors of 4535.
5, 907
What are the prime factors of 17271?
3, 19, 101
List the prime factors of 79253.
41, 1933
What are the prime factors of 1028?
2, 257
What are the prime factors of 6176?
2, 193
List the prime factors of 15855.
3, 5, 7, 151
What are the prime factors of 8952?
2, 3, 373
What are the prime factors of 6247?
6247
List the prime factors of 539.
7, 11
List the prime factors of 37060.
2, 5, 17, 109
List the prime factors of 55352.
2, 11, 17, 37
List the prime factors of 2496.
2, 3, 13
What are the prime factors of 196?
2, 7
List the prime factors of 26617.
43, 619
What are the prime factors of 29226?
2, 3, 4871
List the prime factors of 486.
2, 3
List the prime factors of 5149.
19, 271
What are the prime factors of 847?
7, 11
List the prime factors of 14444.
2, 23, 157
List the prime factors of 15933.
3, 47, 113
What are the prime factors of 4777?
17, 281
What are the prime factors of 8448?
2, 3, 11
What are the prime factors of 979?
11, 89
What are the prime factors of 4474?
2, 2237
What are the prime factors of 1750?
2, 5, 7
What are the prime factors of 12708?
2, 3, 353
What are the prime factors of 3562?
2, 13, 137
What are the prime factors of 1672?
2, 11, 19
List the prime factors of 1235.
5, 13, 19
List the prime factors of 1467.
3, 163
What are the prime factors of 55516?
2, 13879
What are the prime factors of 1051?
1051
What are the prime factors of 5336?
2, 23, 29
List the prime factors of 55826.
2, 103, 271
What are the prime factors of 3430?
2, 5, 7
What are the prime factors of 1122?
2, 3, 11, 17
List the prime factors of 2099.
2099
List the prime factors of 1642.
2, 821
What are the prime factors of 3768?
2, 3, 157
List the prime factors of 62003.
62003
List the prime factors of 71211.
3, 7, 3391
What are the prime factors of 3314?
2, 1657
List the prime factors of 2033.
19, 107
List the prime factors of 21819.
3, 7, 1039
List the prime factors of 24504.
2, 3, 1021
List the prime factors of 1650.
2, 3, 5, 11
What are the prime factors of 297?
3, 11
What are the prime factors of 283?
283
What are the prime factors of 905?
5, 181
What are the prime factors of 5900?
2, 5, 59
List the prime factors of 1889.
1889
List the prime factors of 4356.
2, 3, 11
What are the prime factors of 524?
2, 131
What are the prime factors of 2670?
2, 3, 5, 89
List the prime factors of 1774.
2, 887
List the prime factors of 945.
3, 5, 7
What are the prime factors of 8835?
3, 5, 19, 31
What are the prime factors of 5006?
2, 2503
What are the prime factors of 44398?
2, 79, 281
List the prime factors of 17741.
113, 157
List the prime factors of 190.
2, 5, 19
List the prime factors of 4863.
3, 1621
List the prime factors of 3012.
2, 3, 251
What are the prime factors of 603?
3, 67
List the prime factors of 6152.
2, 769
What are the prime factors of 9428?
2, 2357
What are the prime factors of 11419?
19, 601
What are the prime factors of 4065?
3, 5, 271
List the prime factors of 35627.
23, 1549
List the prime factors of 2152.
2, 269
List the prime factors of 3113.
11, 283
What are the prime factors of 43532?
2, 10883
What are the prime factors of 845?
5, 13
List the prime factors of 74746.
2, 7, 19, 281
List the prime factors of 18670.
2, 5, 1867
List the prime factors of 4056.
2, 3, 13
List the prime factors of 62.
2, 31
What are the prime factors of 90092?
2, 101, 223
What are the prime factors of 49?
7
What are the prime factors of 59283?
3, 7, 941
List the prime factors of 94927.
7, 71, 191
List the prime factors of 1446.
2, 3, 241
What are the prime factors of 1735?
5, 347
List the prime factors of 12337.
13, 73
What are the prime factors of 8066?
2, 37, 109
List the prime factors of 810.
2, 3, 5
List the prime factors of 2155.
5, 431
List the prime factors of 4446.
2, 3, 13, 19
List the prime factors of 9306.
2, 3, 11, 47
List the prime factors of 3531.
3, 11, 107
List the prime factors of 2110.
2, 5, 211
List the prime factors of 60824.
2, 7603
List the prime factors of 451.
11, 41
List the prim